2 + 8*b + 39. Suppose 47*u - 51*u = -36. What is the hundreds digit of c(u)?
2
Let t = -4 - 0. What is the thousands digit of 2/t - 14287/28*-2?
1
Suppose 716*b - 722*b + 30 = 0. Suppose -1301 = -2*v + z - 359, 2*v = b*z + 926. What is the units digit of v?
3
Suppose 46*j = -5*r + 44*j + 170535, -2*r = 4*j - 68214. What is the hundreds digit of r?
1
What is the ten thousands digit of (-7)/(63/(-96102)) - (-8 + 3)?
1
Suppose -222*d - 4*m = -219*d - 146025, 2*d + 3*m - 97353 = 0. What is the units digit of d?
3
Suppose 4*b = -2*b. Suppose b = -9*t + 1075 + 7313. What is the tens digit of t?
3
Let c(f) = -10*f**3 - 2*f**2 - 55*f + 4. What is the units digit of c(-6)?
2
Let g be (1250/(-36) + (-18)/(-81))*-6. Suppose -202*s = -g*s + 4775. What is the hundreds digit of s?
9
Let k(b) = -b**3 - 9*b**2 - 2*b - 19. Let x be k(-9). Let m = x + 3. Suppose -g = -m*v + 435, -4*v + 90 + 783 = -5*g. What is the units digit of v?
7
Let s(c) = 2*c**2 + 21*c - 4. Let l be s(-10). Let a be l/6 + 13/39. What is the tens digit of (1/(-1) + a)/(105/(-2065))?
5
Let k be 18/(-5)*(3 + (-7)/(-21)). Let o(j) = -j**3 - 10*j**2 - 18*j - 44. What is the units digit of o(k)?
0
Suppose 16 = 38*i - 34*i. Suppose -4*f + g - 161 = -462, 0 = -2*f - i*g + 146. What is the units digit of f?
5
Suppose 2*q - 5*f - 7 + 1 = 0, 5*q - 2*f - 15 = 0. Suppose -4*v + v + 2210 = 5*z, -v - q*z + 734 = 0. Suppose 723 = 11*a - v. What is the units digit of a?
3
Let d = -15228 - -74359. What is the hundreds digit of d?
1
Let y(a) = 1013*a**2 + 76*a - 132. What is the units digit of y(2)?
2
Let x(j) = -2098*j - 746. What is the thousands digit of x(-9)?
8
Let g(b) = b - 4. Let n(z) = -2*z + 3. Let v(l) = 4*g(l) + 3*n(l). Let q be v(-8). Let f(o) = o**3 - 7*o**2 - 14*o + 2. What is the units digit of f(q)?
8
What is the hundreds digit of (6314/(-231))/(2704/1356 - 2)?
6
What is the hundreds digit of -134 - -7526 - (-2 + -4)?
3
Let s(x) = -x**3 - 7*x**2 + 23*x + 12. Let n be s(-9). Let i = -25 + n. What is the tens digit of (i + 2)*(-6)/12?
2
Let y = 181752 + -120925. What is the ten thousands digit of y?
6
Let v(k) = 404*k + 1. Let c be (-3 - (4 - 12)) + -4. Let f be v(c). What is the units digit of 1/(5*1/f)?
1
Let t(p) = 9*p - 6. Let y be t(4). Let b be (-11)/(-3) - (-10)/y. Suppose 4*d + j = 477, -b*d + 296 = -2*j - 166. What is the hundreds digit of d?
1
Let b(h) = 39*h + 95. Let q be (-3)/(-15) - (343/(-35) + -5). What is the hundreds digit of b(q)?
6
Let y(q) = -628*q + 145. What is the thousands digit of y(-2)?
1
Suppose 0 = 16*k - 4*k - 84. Let l(b) = 20*b**2 + 29*b - 97. What is the units digit of l(k)?
6
Let x = 482 + -471. What is the units digit of 8019/x + (-4)/(-4)*-5?
4
Let b(r) = -r**3 + 18*r**2 + 7*r + 32. Let m be b(13). Suppose 0*h = -4*h + m. What is the hundreds digit of h?
2
Let z = -503 - -1388. Suppose 0 = 2*r - 2*l - 952, 2*r - 61 = -4*l + z. What is the hundreds digit of r?
4
Let x be 5*21 - 1/(-1). Let z = -111 + 51. Let w = z + x. What is the tens digit of w?
4
Let q = 36120 + -15742. What is the thousands digit of q?
0
Suppose -65*o = -66*o. Suppose o = -14*b + 17 + 11. Suppose 0 = b*k - 3*j - 177, -2*j + 85 = 2*k - k. What is the tens digit of k?
8
Suppose 11*k - 487551 - 58306 = -2*k. What is the units digit of k?
9
Let a(l) = 1396*l**2 + 12*l + 43. What is the units digit of a(-4)?
1
Let v(w) = 1638*w + 5130. What is the tens digit of v(9)?
7
Suppose -3*w + 78678 = 45*a - 40*a, 0 = 4*w + 2*a - 104876. What is the ten thousands digit of w?
2
Let z(d) = d**2 - 2 - d + 2 - 1 - 5. Let c be z(-3). Suppose -5 - 1 = -c*v. What is the units digit of v?
1
Suppose -3058 = -2*a + 5*u, 5*u = 3*a - 3293 - 1304. What is the hundreds digit of a?
5
Suppose -3*x + 33591 = 3*z, 22382 = 17*z - 15*z + 4*x. What is the ten thousands digit of z?
1
Let s be (12/(-8))/(3/834) - 2. What is the units digit of (s/4*-2)/((-39)/(-156))?
8
Let y(i) = -4*i + 30. Let d(b) = -b**3 + 9*b**2 - 8*b + 7. Let j be d(8). Let m be y(j). Suppose 17 = m*q - 31. What is the tens digit of q?
2
Let g(f) = 7*f**3 + 32*f**2 - 75*f + 7. What is the ten thousands digit of g(14)?
2
Let z(a) = 16*a - 41. Let h = 27 + -12. What is the units digit of z(h)?
9
Suppose 70*d - 54089 = 15771. What is the units digit of d?
8
Let g be 2*1/(-4) + (-3)/2. What is the tens digit of 1755/30 + g/(-4)?
5
Let w be (-371)/(-9) + 122/18 + -7. Let n = 43 - w. What is the units digit of n - -1 - 6*-8?
1
Let f = -163 + 18. Suppose 3175 + 1145 = -12*t. Let w = f - t. What is the units digit of w?
5
Let z = 24979 + -23085. What is the hundreds digit of z?
8
Let i be 10 + 279 - (1 + -3). Let m = -326 + 329. Suppose 2*f - i = -q, q - 435 = -m*f - 2*q. What is the units digit of f?
6
Let x = 7451 - -1946. What is the tens digit of x?
9
Let y be 8/60 - (2 - (-10772)/15). Let g = -393 - y. What is the hundreds digit of g?
3
Let b(g) be the third derivative of -19*g**5/60 + 5*g**4/24 - 11*g**3/6 - 7*g**2. Let r(z) be the first derivative of b(z). What is the tens digit of r(-2)?
8
Suppose 3 = 7*p - 11. Suppose p*i = 4*t - 10 - 20, 3*i = -t - 10. Suppose 0 = -2*m + 2*a + 206, 88 = m + t*a - a. What is the units digit of m?
0
Let w(a) = -115*a - 66. Suppose 0 = -2*c - 4*k - 18, -4*c + 3*k - 11 = 58. What is the units digit of w(c)?
9
What is the hundreds digit of ((-53445)/25)/(9/(-60))?
2
Let t(v) = -v**3 + 6*v**2 - 3. Suppose 2*m - 18 + 98 = 0. Let k be (m/55)/4 - (-42)/(-11). What is the tens digit of t(k)?
5
Let n be ((-3 - -126) + 0)*(-4)/(-3). Suppose 8*s - 164 = n. What is the units digit of s?
1
Suppose -2043075 - 2206533 = -264*x. What is the hundreds digit of x?
0
Let p = 80 + -158. Let r = p - -78. Let l(w) = w + 82. What is the units digit of l(r)?
2
Let y = 1503 + -735. Suppose 3*f - 4*i = -9*i + y, -f - 4*i + 263 = 0. What is the units digit of f?
1
Let k(q) = q**2 - 31*q + 175. Let t be k(23). What is the tens digit of 1/(-3)*-2 - 8265/t?
1
Let n(v) = 260*v - 1604. What is the units digit of n(43)?
6
Let p = -345 - -406. Let i = p - 39. What is the units digit of i?
2
Suppose 5*c - 3*i - 29 + 9 = 0, -5*c - 4*i - 15 = 0. Let g(q) = -q + 7. Let z(s) = -s + 1. Let m(j) = c*g(j) - 6*z(j). What is the tens digit of m(7)?
3
Let l = -15539 - -21499. What is the thousands digit of l?
5
Suppose -26 = -4*p + 6. Suppose -p - 2040 = -8*i. Suppose -2*l - i = -3*c - l, -c + 96 = 5*l. What is the tens digit of c?
8
Suppose -u = 36*o - 38*o + 17180, 4*o - 34356 = u. What is the units digit of o?
8
Let a(u) = -64*u**3 - 36*u**2 + 10*u + 19. Let o(g) = -13*g**3 - 7*g**2 + 2*g + 4. Let q(s) = 2*a(s) - 11*o(s). What is the tens digit of q(3)?
3
Let f = 108791 + -67344. What is the units digit of f?
7
Suppose 239184 = 574*k - 556*k. What is the units digit of k?
8
Let l be 1 + ((-5205)/(-10))/(-3)*-2. Suppose 338*m + 14660 = l*m. What is the hundreds digit of m?
4
Let k be (-48)/(-12)*1/2 - -863. Suppose 2*c + 10 = 0, -x - k = 4*x - 2*c. Let f = -100 - x. What is the units digit of f?
5
Let w = 52575 - 8737. Suppose 54*o = 8*o + w. What is the units digit of o?
3
What is the units digit of 3/((-4)/56*-6) + 6342?
9
What is the hundreds digit of -198*(-62 + -2) - 0?
6
Let d = 169 + 42. Let l = d - -376. What is the units digit of l?
7
Suppose 46272 = 38*k - 26*k. What is the tens digit of k?
5
Suppose 0 = -5767*t + 5764*t + 63. Suppose -s + 5 = -2. What is the tens digit of s/t + 62/3?
2
Let a(n) = n**2 - 5*n + 12. Let r be a(-10). Suppose 10*m - r = m. What is the tens digit of m*(-2)/10*(-50)/10?
1
Let y(j) be the third derivative of -j**5/60 - 5*j**4/12 - 7*j**3/6 - 21*j**2. Let p be y(-2). What is the units digit of p/21 - (-1198)/14?
6
Let b = -408 + 412. Suppose p = b*m - 1060, 2*m + 8*p = 4*p + 512. What is the hundreds digit of m?
2
Suppose 5*l - 15 = -0*l. Let v be (-40)/(-22) + 8/44. What is the units digit of v*((-339)/(-2))/l?
3
Let l be 2/(0 - 3/(-6)). Suppose 0*z + 4*z - 1516 = -2*h, 4*h + l*z - 3036 = 0. Suppose -3*w + 2*y = y - 770, -h = -3*w - 4*y. What is the hundreds digit of w?
2
Suppose 12*b - 9*b + 13 = 5*w, -5*b - 15 = -5*w. Suppose -w*t - 2*v = -4*t + 302, -9 = 3*v. What is the tens digit of t?
4
Let b be (1 + -3)/2 + 4 + 5. Suppose -2*x + 2 = t, 5*x + 5*t - b = 4*t. Suppose h = -3*z + 380, -x*h = 3*z + h - 372. What is the h